{"id":107,"date":"2022-03-23T10:24:59","date_gmt":"2022-03-23T10:24:59","guid":{"rendered":"https:\/\/www.farnost-spalov.cz\/?page_id=107"},"modified":"2022-04-01T06:36:18","modified_gmt":"2022-04-01T06:36:18","slug":"informace-o-zpracovani-osobnich-udaju","status":"publish","type":"page","link":"https:\/\/www.farnost-spalov.cz\/?page_id=107","title":{"rendered":"GDPR"},"content":{"rendered":"\n<p><strong>Informace o zpracov\u00e1n\u00ed osobn\u00edch \u00fadaj\u016f<\/strong><br>Biskupstv\u00ed ostravsko-opavsk\u00e9, I\u010cO: 654 68 953, se s\u00eddlem Kosteln\u00ed n\u00e1m\u011bst\u00ed 3172\/1, 728 02 Ostrava (d\u00e1le tak\u00e9 jen &#8222;spr\u00e1vce&#8220;), t\u00edmto prohla\u0161uje, \u017ee ve smyslu na\u0159\u00edzen\u00ed Evropsk\u00e9ho parlamentu a Rady (EU) 2016\/679 o ochran\u011b fyzick\u00fdch osob v souvislosti se zpracov\u00e1n\u00edm osobn\u00edch \u00fadaj\u016f a voln\u00e9m pohybu t\u011bchto \u00fadaj\u016f a o zru\u0161en\u00ed sm\u011brnice 95\/46\/ES (toto na\u0159\u00edzen\u00ed bude d\u00e1le ozna\u010dov\u00e1no jen jako &#8222;GDPR&#8220;) zpracov\u00e1v\u00e1 osobn\u00ed \u00fadaje subjekt\u016f \u00fadaj\u016f pro svou \u010dinnost, a je tedy spr\u00e1vcem osobn\u00edch \u00fadaj\u016f (tj. osobou, kter\u00e1 ur\u010duje zp\u016fsoby a \u00fa\u010dely zpracov\u00e1n\u00ed osobn\u00edch \u00fadaj\u016f).<\/p>\n\n\n\n<p><strong>Zpracov\u00e1n\u00ed osobn\u00edch \u00fadaj\u016f<\/strong><br>Biskupstv\u00ed ostravsko-opavsk\u00e9 zpracov\u00e1v\u00e1 osobn\u00ed \u00fadaje zejm\u00e9na v n\u00e1sleduj\u00edc\u00edch oblastech:<\/p>\n\n\n\n<p class=\"has-text-align-right\">agenda souvisej\u00edc\u00ed se spr\u00e1vou a chodem c\u00edrkve,<br>personalistick\u00e1 agenda,<br>agenda souvisej\u00edc\u00ed s p\u0159ij\u00edm\u00e1n\u00edm sv\u00e1tost\u00ed,<br>spr\u00e1va majetku a souvisej\u00edc\u00edch smluvn\u00edch vztah\u016f,<br>po\u0159\u00e1d\u00e1n\u00ed \u0161kolen\u00ed, kurz\u016f a dal\u0161\u00edch akc\u00ed pro ve\u0159ejnost,<br>po\u0159\u00e1d\u00e1n\u00ed dobro\u010dinn\u00fdch sb\u00edrek,<br>spr\u00e1va z\u0159izovan\u00fdch pr\u00e1vnick\u00fdch osob.<br><\/p>\n\n\n\n<p>Pro zpracov\u00e1n\u00ed osobn\u00edch \u00fadaj\u016f sv\u011bd\u010d\u00ed spr\u00e1vci tituly pln\u011bn\u00ed z\u00e1konn\u00e9 povinnosti, pln\u011bn\u00ed smlouvy, opr\u00e1vn\u011bn\u00e9ho z\u00e1jmu spr\u00e1vce nebo t\u0159et\u00ed osoby nebo souhlasu se zpracov\u00e1n\u00edm osobn\u00edch \u00fadaj\u016f ud\u011blen\u00e9ho subjektem \u00fadaj\u016f. P\u0159i zpracov\u00e1n\u00ed osobn\u00edch \u00fadaj\u016f se spr\u00e1vce \u0159\u00edd\u00ed z\u00e1konem stanoven\u00fdmi lh\u016ftami a lh\u016ftami stanoven\u00fdmi po pe\u010dliv\u00e9m zv\u00e1\u017een\u00ed ve vnit\u0159n\u00edm p\u0159edpise tak, aby nedoch\u00e1zelo k poru\u0161ov\u00e1n\u00ed pr\u00e1v subjekt\u016f \u00fadaj\u016f.<\/p>\n\n\n\n<p>V r\u00e1mci zpracov\u00e1n\u00ed osobn\u00edch \u00fadaj\u016f je v n\u011bkter\u00fdch p\u0159\u00edpadech nutn\u00e9 p\u0159edat osobn\u00ed \u00fadaje jin\u00e9 osob\u011b. Biskupstv\u00ed ostravsko-opavsk\u00e9 se sna\u017e\u00ed p\u0159ed\u00e1v\u00e1n\u00ed minimalizovat, v n\u011bkter\u00fdch p\u0159\u00edpadech je ale nezbytn\u00e9 pro spln\u011bn\u00ed povinnost\u00ed biskupstv\u00ed ze z\u00e1kona, smlouvy nebo v r\u00e1mci \u010dinnosti c\u00edrkve. Ve v\u0161ech p\u0159\u00edpadech, kdy spr\u00e1vce p\u0159ed\u00e1v\u00e1 osobn\u00ed \u00fadaje jin\u00e9 osob\u011b, db\u00e1 biskupstv\u00ed o zaji\u0161t\u011bn\u00ed maxim\u00e1ln\u00ed ochrany pr\u00e1v subjekt\u016f \u00fadaj\u016f.<\/p>\n\n\n\n<p><strong>Pov\u011b\u0159encem pro ochranu osobn\u00edch \u00fadaj\u016f Biskupstv\u00ed ostravsko-opavsk\u00e9ho je:<\/strong><br>Lexius advok\u00e1ti s.r.o.<br>I\u010cO: 046 66 933<br>S\u00eddlo: Na Podkovce 281\/10, 147 00 Praha 4 &#8211; Podol\u00ed<br>Pobo\u010dka: Th\u00e1kurova 676\/3, 160 00 Praha 6 &#8211; Dejvice<br>Odpov\u011bdn\u00e1 osoba: JUDr. Jakub K\u0159\u00ed\u017e, Ph.D., advok\u00e1t<\/p>\n\n\n\n<p><span style=\"text-decoration: underline;\">Kontaktn\u00ed \u00fadaje pov\u011b\u0159ence:<\/span><br>Adresa: Th\u00e1kurova 676\/3, 160 00 Praha 6 &#8211; Dejvice<br>E-mail: gdpr@lexius.cz<br>Telefon: + 420 703 142 855<br>ID datov\u00e9 schr\u00e1nky: kz73igd<\/p>\n\n\n\n<p><strong>Pr\u00e1va subjektu \u00fadaj\u016f<\/strong><br>Va\u0161\u00edm z\u00e1kladn\u00edm pr\u00e1vem je kdykoli po\u017eadovat sd\u011blen\u00ed, zda spr\u00e1vce zpracov\u00e1v\u00e1 Va\u0161e osobn\u00ed \u00fadaje. Pokud je zpracov\u00e1v\u00e1me, m\u00e1te pr\u00e1vo po\u017eadovat jednu kopii v\u0161ech osobn\u00edch \u00fadaj\u016f, kter\u00e9 o V\u00e1s zpracov\u00e1v\u00e1me. V p\u0159\u00edpad\u011b, \u017ee zjist\u00edte, \u017ee zpracov\u00e1van\u00e9 \u00fadaje nejsou p\u0159esn\u00e9, m\u00e1te pr\u00e1vo po\u017eadovat opravu osobn\u00edch \u00fadaj\u016f. Pokud dojdete k n\u00e1zoru, \u017ee Va\u0161e osobn\u00ed \u00fadaje nezpracov\u00e1v\u00e1me po pr\u00e1vu, m\u016f\u017eete uplatnit pr\u00e1vo na v\u00fdmaz osobn\u00edch \u00fadaj\u016f. Pokud kone\u010dn\u011b nebudete s \u010d\u00edmkoli spokojeni nebo si budete myslet, \u017ee jsme Va\u0161i \u017e\u00e1dost nevy\u0159\u00eddili tak, jak jsme m\u011bli, m\u00e1te pr\u00e1vo obr\u00e1tit se se st\u00ed\u017enost\u00ed na \u00da\u0159ad pro ochranu osobn\u00edch \u00fadaj\u016f.<\/p>\n\n\n\n<p>Dovolujeme si zd\u016fraznit, \u017ee a\u0165 jste ke spr\u00e1vci v jak\u00e9mkoli pom\u011bru, nehroz\u00ed V\u00e1m na z\u00e1klad\u011b uplatn\u011bn\u00ed t\u011bchto pr\u00e1v \u017e\u00e1dn\u00e9 riziko a spr\u00e1vce s V\u00e1mi v budoucnu nebude zach\u00e1zet o nic h\u016f\u0159e ne\u017e p\u0159ed uplatn\u011bn\u00edm pr\u00e1v. Je na\u0161\u00edm z\u00e1jmem zpracov\u00e1vat osobn\u00ed \u00fadaje z\u00e1konn\u011b a \u0159\u00e1dn\u011b a nepo\u0161kozovat Va\u0161e pr\u00e1va. Pokud m\u00e1te pochybnosti, \u017ee se n\u00e1m to da\u0159\u00ed, budeme r\u00e1di, kdy\u017e n\u00e1s na to upozorn\u00edte.<\/p>\n","protected":false},"excerpt":{"rendered":"<p>Informace o zpracov\u00e1n\u00ed osobn\u00edch \u00fadaj\u016fBiskupstv\u00ed ostravsko-opavsk\u00e9, I\u010cO: 654 68 953, se s\u00eddlem Kosteln\u00ed n\u00e1m\u011bst\u00ed 3172\/1, 728 02 Ostrava (d\u00e1le tak\u00e9 jen &#8222;spr\u00e1vce&#8220;), t\u00edmto prohla\u0161uje, \u017ee ve smyslu na\u0159\u00edzen\u00ed Evropsk\u00e9ho parlamentu a Rady (EU) 2016\/679 o ochran\u011b fyzick\u00fdch osob v souvislosti se zpracov\u00e1n\u00edm osobn\u00edch \u00fadaj\u016f a voln\u00e9m pohybu t\u011bchto \u00fadaj\u016f a o zru\u0161en\u00ed sm\u011brnice 95\/46\/ES (toto [&hellip;]<\/p>\n","protected":false},"author":1,"featured_media":0,"parent":0,"menu_order":0,"comment_status":"closed","ping_status":"closed","template":"","meta":{"footnotes":""},"class_list":["post-107","page","type-page","status-publish","hentry"],"_links":{"self":[{"href":"https:\/\/www.farnost-spalov.cz\/index.php?rest_route=\/wp\/v2\/pages\/107","targetHints":{"allow":["GET"]}}],"collection":[{"href":"https:\/\/www.farnost-spalov.cz\/index.php?rest_route=\/wp\/v2\/pages"}],"about":[{"href":"https:\/\/www.farnost-spalov.cz\/index.php?rest_route=\/wp\/v2\/types\/page"}],"author":[{"embeddable":true,"href":"https:\/\/www.farnost-spalov.cz\/index.php?rest_route=\/wp\/v2\/users\/1"}],"replies":[{"embeddable":true,"href":"https:\/\/www.farnost-spalov.cz\/index.php?rest_route=%2Fwp%2Fv2%2Fcomments&post=107"}],"version-history":[{"count":5,"href":"https:\/\/www.farnost-spalov.cz\/index.php?rest_route=\/wp\/v2\/pages\/107\/revisions"}],"predecessor-version":[{"id":321,"href":"https:\/\/www.farnost-spalov.cz\/index.php?rest_route=\/wp\/v2\/pages\/107\/revisions\/321"}],"wp:attachment":[{"href":"https:\/\/www.farnost-spalov.cz\/index.php?rest_route=%2Fwp%2Fv2%2Fmedia&parent=107"}],"curies":[{"name":"wp","href":"https:\/\/api.w.org\/{rel}","templated":true}]}}