{"id":137,"date":"2022-03-23T10:57:25","date_gmt":"2022-03-23T10:57:25","guid":{"rendered":"https:\/\/www.farnost-spalov.cz\/?page_id=137"},"modified":"2022-05-06T12:43:16","modified_gmt":"2022-05-06T12:43:16","slug":"mse-svate","status":"publish","type":"page","link":"https:\/\/www.farnost-spalov.cz\/?page_id=137","title":{"rendered":"ostatn\u00ed pobo\u017enosti ve farnosti"},"content":{"rendered":"\n<div class=\"wp-block-image\"><figure class=\"aligncenter size-full\"><img decoding=\"async\" src=\"https:\/\/www.farnost-spalov.cz\/wp-content\/uploads\/2022\/04\/Capture-1.jpg\" alt=\"\" class=\"wp-image-404\"\/><\/figure><\/div>\n\n\n\n<hr class=\"wp-block-separator is-style-wide\"\/>\n\n\n\n<div class=\"wp-block-media-text alignwide is-stacked-on-mobile\" style=\"grid-template-columns:23% auto\"><figure class=\"wp-block-media-text__media\"><img loading=\"lazy\" decoding=\"async\" width=\"798\" height=\"1024\" src=\"https:\/\/www.farnost-spalov.cz\/wp-content\/uploads\/2022\/03\/Rembrandt_Harmensz._van_Rijn_-_The_Return_of_the_Prodigal_Son-1-798x1024.jpg\" alt=\"\" class=\"wp-image-141 size-full\" srcset=\"https:\/\/www.farnost-spalov.cz\/wp-content\/uploads\/2022\/03\/Rembrandt_Harmensz._van_Rijn_-_The_Return_of_the_Prodigal_Son-1-798x1024.jpg 798w, https:\/\/www.farnost-spalov.cz\/wp-content\/uploads\/2022\/03\/Rembrandt_Harmensz._van_Rijn_-_The_Return_of_the_Prodigal_Son-1-234x300.jpg 234w, https:\/\/www.farnost-spalov.cz\/wp-content\/uploads\/2022\/03\/Rembrandt_Harmensz._van_Rijn_-_The_Return_of_the_Prodigal_Son-1-768x985.jpg 768w, https:\/\/www.farnost-spalov.cz\/wp-content\/uploads\/2022\/03\/Rembrandt_Harmensz._van_Rijn_-_The_Return_of_the_Prodigal_Son-1-624x800.jpg 624w, https:\/\/www.farnost-spalov.cz\/wp-content\/uploads\/2022\/03\/Rembrandt_Harmensz._van_Rijn_-_The_Return_of_the_Prodigal_Son-1.jpg 800w\" sizes=\"auto, (max-width: 798px) 100vw, 798px\" \/><\/figure><div class=\"wp-block-media-text__content\">\n<p class=\"has-text-align-right has-medium-font-size\"><strong>P\u0158\u00cdLE\u017dITOST ke SV. ZPOV\u011aDI je p\u0159ed ka\u017edou m\u0161\u00ed svatou<\/strong><br>a nebo tak\u00e9 kdykoliv jindy po dohod\u011b<br>s otcem Januszem.<\/p>\n<\/div><\/div>\n\n\n\n<hr class=\"wp-block-separator has-text-color has-background has-medium-gray-background-color has-medium-gray-color is-style-wide\"\/>\n\n\n\n<div class=\"wp-block-media-text alignwide has-media-on-the-right is-stacked-on-mobile\" style=\"grid-template-columns:auto 15%\"><figure class=\"wp-block-media-text__media\"><img loading=\"lazy\" decoding=\"async\" width=\"214\" height=\"320\" src=\"https:\/\/www.farnost-spalov.cz\/wp-content\/uploads\/2022\/03\/SS_-Sacramento-a-Medjugorje-1.jpg\" alt=\"\" class=\"wp-image-222 size-full\" srcset=\"https:\/\/www.farnost-spalov.cz\/wp-content\/uploads\/2022\/03\/SS_-Sacramento-a-Medjugorje-1.jpg 214w, https:\/\/www.farnost-spalov.cz\/wp-content\/uploads\/2022\/03\/SS_-Sacramento-a-Medjugorje-1-201x300.jpg 201w\" sizes=\"auto, (max-width: 214px) 100vw, 214px\" \/><\/figure><div class=\"wp-block-media-text__content\">\n<p class=\"has-medium-font-size\"><strong>KA\u017dDOU ST\u0158EDU<\/strong>, po m\u0161i svat\u00e9 je v na\u0161em kostele svat\u00e9ho Jakuba V\u011bt\u0161\u00edho vystavena Nejsv\u011bt\u011bj\u0161\u00ed sv\u00e1tost olt\u00e1\u0159n\u00ed a to do 20:30.<br>Jste v\u0161ichni srde\u010dn\u011b zv\u00e1ni k setk\u00e1n\u00ed s na\u0161\u00edm P\u00e1nem.<\/p>\n<\/div><\/div>\n\n\n\n<hr class=\"wp-block-separator is-style-wide\"\/>\n\n\n\n<div class=\"wp-block-media-text alignwide has-media-on-the-right is-stacked-on-mobile\" style=\"grid-template-columns:auto 45%\"><figure class=\"wp-block-media-text__media\"><img loading=\"lazy\" decoding=\"async\" width=\"308\" height=\"164\" src=\"https:\/\/www.farnost-spalov.cz\/wp-content\/uploads\/2022\/03\/srdce.jpg\" alt=\"\" class=\"wp-image-143 size-full\" srcset=\"https:\/\/www.farnost-spalov.cz\/wp-content\/uploads\/2022\/03\/srdce.jpg 308w, https:\/\/www.farnost-spalov.cz\/wp-content\/uploads\/2022\/03\/srdce-300x160.jpg 300w\" sizes=\"auto, (max-width: 308px) 100vw, 308px\" \/><\/figure><div class=\"wp-block-media-text__content\">\n<p class=\"has-text-align-center has-medium-font-size\"><strong>KA\u017dD\u00dd PRVN\u00cd P\u00c1TEK<\/strong> v m\u011bs\u00edci, po m\u0161i svat\u00e9, je v na\u0161em kostele svat\u00e9ho Jakuba V\u011bt\u0161\u00edho eucharistick\u00e1 pobo\u017enost prvn\u00edho p\u00e1tku.<\/p>\n<\/div><\/div>\n\n\n\n<hr class=\"wp-block-separator is-style-wide\"\/>\n\n\n\n<div class=\"wp-block-media-text alignwide is-stacked-on-mobile\" style=\"grid-template-columns:18% auto\"><figure class=\"wp-block-media-text__media\"><img loading=\"lazy\" decoding=\"async\" width=\"357\" height=\"500\" src=\"https:\/\/www.farnost-spalov.cz\/wp-content\/uploads\/2022\/03\/medzugorje-800.jpg\" alt=\"\" class=\"wp-image-144 size-full\" srcset=\"https:\/\/www.farnost-spalov.cz\/wp-content\/uploads\/2022\/03\/medzugorje-800.jpg 357w, https:\/\/www.farnost-spalov.cz\/wp-content\/uploads\/2022\/03\/medzugorje-800-214x300.jpg 214w\" sizes=\"auto, (max-width: 357px) 100vw, 357px\" \/><\/figure><div class=\"wp-block-media-text__content\">\n<p class=\"has-text-align-right has-medium-font-size\"><strong>KA\u017dDOU PRVN\u00cd SOBOTU<\/strong> v m\u011bs\u00edci, po m\u0161i svat\u00e9 je v na\u0161em kostele svat\u00e9ho Jakuba V\u011bt\u0161\u00edho pobo\u017enost k Pann\u011b Marii, kde uct\u00edv\u00e1me na\u0161i nebeskou maminku a modl\u00edme se za m\u00edr.<\/p>\n<\/div><\/div>\n\n\n\n<hr class=\"wp-block-separator is-style-wide\"\/>\n","protected":false},"excerpt":{"rendered":"<p>P\u0158\u00cdLE\u017dITOST ke SV. ZPOV\u011aDI je p\u0159ed ka\u017edou m\u0161\u00ed svatoua nebo tak\u00e9 kdykoliv jindy po dohod\u011bs otcem Januszem. KA\u017dDOU ST\u0158EDU, po m\u0161i svat\u00e9 je v na\u0161em kostele svat\u00e9ho Jakuba V\u011bt\u0161\u00edho vystavena Nejsv\u011bt\u011bj\u0161\u00ed sv\u00e1tost olt\u00e1\u0159n\u00ed a to do 20:30.Jste v\u0161ichni srde\u010dn\u011b zv\u00e1ni k setk\u00e1n\u00ed s na\u0161\u00edm P\u00e1nem. KA\u017dD\u00dd PRVN\u00cd P\u00c1TEK v m\u011bs\u00edci, po m\u0161i svat\u00e9, je v [&hellip;]<\/p>\n","protected":false},"author":1,"featured_media":0,"parent":0,"menu_order":0,"comment_status":"closed","ping_status":"closed","template":"","meta":{"footnotes":""},"class_list":["post-137","page","type-page","status-publish","hentry"],"_links":{"self":[{"href":"https:\/\/www.farnost-spalov.cz\/index.php?rest_route=\/wp\/v2\/pages\/137","targetHints":{"allow":["GET"]}}],"collection":[{"href":"https:\/\/www.farnost-spalov.cz\/index.php?rest_route=\/wp\/v2\/pages"}],"about":[{"href":"https:\/\/www.farnost-spalov.cz\/index.php?rest_route=\/wp\/v2\/types\/page"}],"author":[{"embeddable":true,"href":"https:\/\/www.farnost-spalov.cz\/index.php?rest_route=\/wp\/v2\/users\/1"}],"replies":[{"embeddable":true,"href":"https:\/\/www.farnost-spalov.cz\/index.php?rest_route=%2Fwp%2Fv2%2Fcomments&post=137"}],"version-history":[{"count":19,"href":"https:\/\/www.farnost-spalov.cz\/index.php?rest_route=\/wp\/v2\/pages\/137\/revisions"}],"predecessor-version":[{"id":432,"href":"https:\/\/www.farnost-spalov.cz\/index.php?rest_route=\/wp\/v2\/pages\/137\/revisions\/432"}],"wp:attachment":[{"href":"https:\/\/www.farnost-spalov.cz\/index.php?rest_route=%2Fwp%2Fv2%2Fmedia&parent=137"}],"curies":[{"name":"wp","href":"https:\/\/api.w.org\/{rel}","templated":true}]}}

ostatní pobožnosti ve farnosti

<div class="wp-block-image"><figure class="aligncenter size-full"><img decoding="async" src="https://www.farnost-spalov.cz/wp-content/uploads/2022/04/Capture-1.jpg" alt="" class="wp-image-404"/></figure></div>



<hr class="wp-block-separator is-style-wide"/>



<div class="wp-block-media-text alignwide is-stacked-on-mobile" style="grid-template-columns:23% auto"><figure class="wp-block-media-text__media"><img loading="lazy" decoding="async" width="798" height="1024" src="https://www.farnost-spalov.cz/wp-content/uploads/2022/03/Rembrandt_Harmensz._van_Rijn_-_The_Return_of_the_Prodigal_Son-1-798x1024.jpg" alt="" class="wp-image-141 size-full" srcset="https://www.farnost-spalov.cz/wp-content/uploads/2022/03/Rembrandt_Harmensz._van_Rijn_-_The_Return_of_the_Prodigal_Son-1-798x1024.jpg 798w, https://www.farnost-spalov.cz/wp-content/uploads/2022/03/Rembrandt_Harmensz._van_Rijn_-_The_Return_of_the_Prodigal_Son-1-234x300.jpg 234w, https://www.farnost-spalov.cz/wp-content/uploads/2022/03/Rembrandt_Harmensz._van_Rijn_-_The_Return_of_the_Prodigal_Son-1-768x985.jpg 768w, https://www.farnost-spalov.cz/wp-content/uploads/2022/03/Rembrandt_Harmensz._van_Rijn_-_The_Return_of_the_Prodigal_Son-1-624x800.jpg 624w, https://www.farnost-spalov.cz/wp-content/uploads/2022/03/Rembrandt_Harmensz._van_Rijn_-_The_Return_of_the_Prodigal_Son-1.jpg 800w" sizes="auto, (max-width: 798px) 100vw, 798px" /></figure><div class="wp-block-media-text__content">
<p class="has-text-align-right has-medium-font-size"><strong>PŘÍLEŽITOST ke SV. ZPOVĚDI je před každou mší svatou</strong><br>a nebo také kdykoliv jindy po dohodě<br>s otcem Januszem.</p>
</div></div>



<hr class="wp-block-separator has-text-color has-background has-medium-gray-background-color has-medium-gray-color is-style-wide"/>



<div class="wp-block-media-text alignwide has-media-on-the-right is-stacked-on-mobile" style="grid-template-columns:auto 15%"><figure class="wp-block-media-text__media"><img loading="lazy" decoding="async" width="214" height="320" src="https://www.farnost-spalov.cz/wp-content/uploads/2022/03/SS_-Sacramento-a-Medjugorje-1.jpg" alt="" class="wp-image-222 size-full" srcset="https://www.farnost-spalov.cz/wp-content/uploads/2022/03/SS_-Sacramento-a-Medjugorje-1.jpg 214w, https://www.farnost-spalov.cz/wp-content/uploads/2022/03/SS_-Sacramento-a-Medjugorje-1-201x300.jpg 201w" sizes="auto, (max-width: 214px) 100vw, 214px" /></figure><div class="wp-block-media-text__content">
<p class="has-medium-font-size"><strong>KAŽDOU STŘEDU</strong>, po mši svaté je v našem kostele svatého Jakuba Většího vystavena Nejsvětější svátost oltářní a to do 20:30.<br>Jste všichni srdečně zváni k setkání s naším Pánem.</p>
</div></div>



<hr class="wp-block-separator is-style-wide"/>



<div class="wp-block-media-text alignwide has-media-on-the-right is-stacked-on-mobile" style="grid-template-columns:auto 45%"><figure class="wp-block-media-text__media"><img loading="lazy" decoding="async" width="308" height="164" src="https://www.farnost-spalov.cz/wp-content/uploads/2022/03/srdce.jpg" alt="" class="wp-image-143 size-full" srcset="https://www.farnost-spalov.cz/wp-content/uploads/2022/03/srdce.jpg 308w, https://www.farnost-spalov.cz/wp-content/uploads/2022/03/srdce-300x160.jpg 300w" sizes="auto, (max-width: 308px) 100vw, 308px" /></figure><div class="wp-block-media-text__content">
<p class="has-text-align-center has-medium-font-size"><strong>KAŽDÝ PRVNÍ PÁTEK</strong> v měsíci, po mši svaté, je v našem kostele svatého Jakuba Většího eucharistická pobožnost prvního pátku.</p>
</div></div>



<hr class="wp-block-separator is-style-wide"/>



<div class="wp-block-media-text alignwide is-stacked-on-mobile" style="grid-template-columns:18% auto"><figure class="wp-block-media-text__media"><img loading="lazy" decoding="async" width="357" height="500" src="https://www.farnost-spalov.cz/wp-content/uploads/2022/03/medzugorje-800.jpg" alt="" class="wp-image-144 size-full" srcset="https://www.farnost-spalov.cz/wp-content/uploads/2022/03/medzugorje-800.jpg 357w, https://www.farnost-spalov.cz/wp-content/uploads/2022/03/medzugorje-800-214x300.jpg 214w" sizes="auto, (max-width: 357px) 100vw, 357px" /></figure><div class="wp-block-media-text__content">
<p class="has-text-align-right has-medium-font-size"><strong>KAŽDOU PRVNÍ SOBOTU</strong> v měsíci, po mši svaté je v našem kostele svatého Jakuba Většího pobožnost k Panně Marii, kde uctíváme naši nebeskou maminku a modlíme se za mír.</p>
</div></div>



<hr class="wp-block-separator is-style-wide"/>

<p>PŘÍLEŽITOST ke SV. ZPOVĚDI je před každou mší svatoua nebo také kdykoliv jindy po dohoděs otcem Januszem. KAŽDOU STŘEDU, po mši svaté je v našem kostele svatého Jakuba Většího vystavena Nejsvětější svátost oltářní a to do 20:30.Jste všichni srdečně zváni k setkání s naším Pánem. KAŽDÝ PRVNÍ PÁTEK v měsíci, po mši svaté, je v [&hellip;]</p>
