{"id":154,"date":"2022-03-23T11:11:22","date_gmt":"2022-03-23T11:11:22","guid":{"rendered":"https:\/\/www.farnost-spalov.cz\/?page_id=154"},"modified":"2022-04-04T18:25:01","modified_gmt":"2022-04-04T18:25:01","slug":"poutni-misto-panny-marie-ve-skale","status":"publish","type":"page","link":"https:\/\/www.farnost-spalov.cz\/?page_id=154","title":{"rendered":"poutn\u00ed m\u00edsto Panny Marie ve Sk\u00e1le"},"content":{"rendered":"\n<p>O p\u016fvodu poutn\u00edho m\u00edsta se vypravuje zbo\u017en\u00e1 pov\u011bst. V dob\u011b 30. let\u00e9 v\u00e1lky zde bojovala \u0161v\u00e9dsk\u00e1 a c\u00edsa\u0159sk\u00e1 vojska. Po jedn\u00e9 \u0161arv\u00e1tce uprchli ran\u011bn\u00ed  voj\u00e1ci do rokle, kde se ukr\u00fdvali. V\u0161ichni ran\u011bn\u00ed voj\u00e1ci zem\u0159eli a\u017e na jednoho, kter\u00fd se za\u010dal modlit k Pann\u011b Marii a prosit o uzdraven\u00ed, aby se mohl vr\u00e1tit dom\u016f ke sv\u00e9 \u017een\u011b a d\u011btem. Najednou se mu zjevila Panna Maria a ze such\u00e9 sk\u00e1ly vytryskl pramen vody. Um\u00edraj\u00edc\u00ed voj\u00e1k byl zachr\u00e1n\u011bn. Po t\u00e9to ud\u00e1losti pr\u00fd po\u0159\u00eddil mlyn\u00e1\u0159 z bl\u00edzk\u00e9ho sp\u00e1lovsk\u00e9ho ml\u00fdna do jeskyn\u011b obraz Panny Marie. Chrom\u00fd mlyna\u0159\u00edk se chodil k\u00a0tomuto obrazu modlit a pe\u010dovat o toto m\u00edsto, proto\u017ee do sp\u00e1lovsk\u00e9ho kostela to pro n\u011bho velmi obt\u00ed\u017en\u00e9 doch\u00e1zet. Postupem \u010dasu se k milostn\u00e9mu obrazu Panny Marie p\u0159ich\u00e1zelo modlit st\u00e1le v\u00edce poutn\u00edk\u016f pros\u00edc\u00edch o pomoc, uzdraven\u00ed v nemoci i starostech. Obraz byl uct\u00edv\u00e1n jako z\u00e1zra\u010dn\u00fd a byl pozd\u011bji p\u0159enesen do farn\u00edho kostela sv. Jakuba ve Sp\u00e1lov\u011b. A jak uv\u00e1d\u00ed pov\u011bst, v noci v\u0161ak zmizel a r\u00e1no jej na\u0161li na star\u00e9m m\u00edst\u011b ve sk\u00e1le. To se opakovalo 3x, a tak se to pova\u017eovalo za znamen\u00ed k jeho uct\u00edv\u00e1n\u00ed ve Sk\u00e1le. Sp\u00e1lov\u0161t\u00ed se zav\u00e1zali, \u017ee budou ka\u017ed\u00fd rok konat pou\u0165 ke Sk\u00e1le o sv\u00e1tku Narozen\u00ed Panny Marie, to je 8. z\u00e1\u0159\u00ed. V\u011brni slibu na\u0161ich zbo\u017en\u00fdch p\u0159edk\u016f se kon\u00e1 proces\u00ed od kostela sv. Jakuba ve Sp\u00e1lov\u011b v\u017edy v ned\u011bli okolo 8. z\u00e1\u0159\u00ed a je zde slou\u017eena m\u0161e sv. Zm\u00ednka o t\u00e9to pouti je z roku 1851 v olt\u00e1\u0159n\u00ed farn\u00ed knize. Toto poutn\u00ed m\u00edsto je star\u0161\u00ed ne\u017e Lurdy ve Francii. P\u016fvodn\u00ed obraz Panny Marie byl koncem 80 let p\u0159edminul\u00e9ho stolet\u00ed nahrazen sochou kamennou, zhotovenou v Hali\u010di. Kamenn\u00e1 n\u00e1dr\u017eka u pramene vody je podle pam\u011btn\u00edk\u016f p\u016fvodn\u00ed k\u0159titelnice ze\u00a0sp\u00e1lovsk\u00e9ho kostela.\u00a0 \u00a0 \u00a0 \u00a0<\/p>\n\n\n\n<p>V roce 1988 se sp\u00e1lov\u0161t\u00ed farn\u00edci s m\u00edstn\u00edm spr\u00e1vcem farnosti otcem Bernardem rozhodli k nov\u00e9 \u00faprav\u011b prostranstv\u00ed poutn\u00edho m\u00edsta u Panny Marie. V roce 1992 byly dokon\u010deny \u00fapravy a m\u00edsto bylo znovu vysv\u011bceno.\u00a0 Od t\u00e9 doby se zde konaj\u00ed bohoslu\u017eby na sv\u00e1tek Narozen\u00ed Panny Marie, mari\u00e1nsk\u00e9 soboty, m\u00e1jov\u00e9 pobo\u017enosti nebo pou\u0165 o sv\u00e1tku Nanebevzet\u00ed Panny Marie. Toto m\u00edsto je pravidelnou zast\u00e1vkou turist\u016f p\u011b\u0161\u00edch i na kolech, rod\u00e1k\u016f z okol\u00ed, ale i z cel\u00e9 na\u0161\u00ed vlasti a tak\u00e9 ze zahrani\u010d\u00ed.<br><\/p>\n\n\n\n<figure class=\"wp-block-image size-full\"><img loading=\"lazy\" decoding=\"async\" width=\"1000\" height=\"750\" src=\"https:\/\/www.farnost-spalov.cz\/wp-content\/uploads\/2022\/04\/pm_1.jpg\" alt=\"\" class=\"wp-image-363\" srcset=\"https:\/\/www.farnost-spalov.cz\/wp-content\/uploads\/2022\/04\/pm_1.jpg 1000w, https:\/\/www.farnost-spalov.cz\/wp-content\/uploads\/2022\/04\/pm_1-300x225.jpg 300w, https:\/\/www.farnost-spalov.cz\/wp-content\/uploads\/2022\/04\/pm_1-768x576.jpg 768w, https:\/\/www.farnost-spalov.cz\/wp-content\/uploads\/2022\/04\/pm_1-624x468.jpg 624w\" sizes=\"auto, (max-width: 1000px) 100vw, 1000px\" \/><\/figure>\n\n\n\n<p><br><strong>sv\u011bdectv\u00ed farnice za Sp\u00e1lova:<\/strong> <br>&#8222;Tak v\u011b\u0159te a nebojte se&#8220; Bylo to v roce 1989, \u010dekala jsem t\u0159et\u00ed d\u00edt\u011b a l\u00e9ka\u0159i zjistili, po vy\u0161et\u0159en\u00ed, \u017ee d\u00edt\u011b bude nemocn\u00e9 \u2013 posti\u017een\u00e9. Proto jejich slova byla \u2013 dejte to pry\u010d, m\u00e1te dv\u011b zdrav\u00e9 d\u011bti. Nesouhlasila jsem. T\u0159ikr\u00e1t jsem musela do nemocnice v Nov\u00e9m Ji\u010d\u00edn\u011b, kde jsem br\u00e1nila sv\u00e9 d\u00edt\u011b. Nakonec m\u011b poslali na genetiku do Ostravy. Samoz\u0159ejm\u011b i j\u00e1 m\u011bla velk\u00fd strach, prosila jsem. A odevzd\u00e1vala to tomu, kdo je P\u00e1nem \u017eivota i smrti a na poutn\u00edm m\u00edst\u011b prosila na\u0161\u00ed nebeskou Maminku, a\u0165 mi d\u00e1 s\u00edlu, proto\u017ee Ona sama tak\u00e9 nejl\u00e9pe v\u00ed, co matka pro\u017e\u00edv\u00e1, kdy\u017e jej\u00ed d\u00edt\u011b m\u00e1 zem\u0159\u00edt. Na genetice v Ostrav\u011b\u00a0byla v\u011b\u0159\u00edc\u00ed pan\u00ed doktorka \u2013 to byl dar &#8211; m\u011bla pochopen\u00ed pro maminku, pokud se rozhodla d\u00edt\u011b si nechat. Nebr\u00e1nila. Jen \u017e\u00e1dala, \u017ee a\u017e se d\u00edt\u011b narod\u00ed, budeme jeden rok vypisovat dotazn\u00edky. Bylo toti\u017e za\u0159azeno do syst\u00e9mu. P\u0159i\u0161la hodina narozen\u00ed, je\u0161t\u011b v bolestech jsme \u0161li na toto poutn\u00ed m\u00edsto a pak jeli do v\u00edtkovsk\u00e9 nemocnice. Narodilo se n\u00e1m \u00fapln\u011b zdrav\u00e9 d\u00edt\u011b. Rok jsme si psali s pan\u00ed doktorkou z genetiky. Te\u010f u\u017e je to vystudovan\u00fd dosp\u011bl\u00fd \u010dlov\u011bk. Za zm\u00ednku tak\u00e9 stoj\u00ed, \u017ee se zasnoubil u Panny Marie ve Sk\u00e1le a m\u00e1 u\u017e svou rodinu. Ka\u017ed\u00e9 d\u00edt\u011b je Bo\u017e\u00ed z\u00e1zrak a dar. Kdy\u017e se Bohu odevzd\u00e1me, d\u00e1me to nejcenn\u011bj\u0161\u00ed, co od n\u011bj m\u00e1me, tak n\u00e1m to stokr\u00e1t vr\u00e1t\u00ed. Co bychom byli my d\u011bti, bez na\u0161\u00ed Maminky \u2013 mocn\u00e9 p\u0159\u00edmluvkyn\u011b.\u00a0<\/p>\n","protected":false},"excerpt":{"rendered":"<p>O p\u016fvodu poutn\u00edho m\u00edsta se vypravuje zbo\u017en\u00e1 pov\u011bst. V dob\u011b 30. let\u00e9 v\u00e1lky zde bojovala \u0161v\u00e9dsk\u00e1 a c\u00edsa\u0159sk\u00e1 vojska. Po jedn\u00e9 \u0161arv\u00e1tce uprchli ran\u011bn\u00ed voj\u00e1ci do rokle, kde se ukr\u00fdvali. V\u0161ichni ran\u011bn\u00ed voj\u00e1ci zem\u0159eli a\u017e na jednoho, kter\u00fd se za\u010dal modlit k Pann\u011b Marii a prosit o uzdraven\u00ed, aby se mohl vr\u00e1tit dom\u016f ke sv\u00e9 [&hellip;]<\/p>\n","protected":false},"author":1,"featured_media":0,"parent":0,"menu_order":0,"comment_status":"closed","ping_status":"closed","template":"","meta":{"footnotes":""},"class_list":["post-154","page","type-page","status-publish","hentry"],"_links":{"self":[{"href":"https:\/\/www.farnost-spalov.cz\/index.php?rest_route=\/wp\/v2\/pages\/154","targetHints":{"allow":["GET"]}}],"collection":[{"href":"https:\/\/www.farnost-spalov.cz\/index.php?rest_route=\/wp\/v2\/pages"}],"about":[{"href":"https:\/\/www.farnost-spalov.cz\/index.php?rest_route=\/wp\/v2\/types\/page"}],"author":[{"embeddable":true,"href":"https:\/\/www.farnost-spalov.cz\/index.php?rest_route=\/wp\/v2\/users\/1"}],"replies":[{"embeddable":true,"href":"https:\/\/www.farnost-spalov.cz\/index.php?rest_route=%2Fwp%2Fv2%2Fcomments&post=154"}],"version-history":[{"count":8,"href":"https:\/\/www.farnost-spalov.cz\/index.php?rest_route=\/wp\/v2\/pages\/154\/revisions"}],"predecessor-version":[{"id":365,"href":"https:\/\/www.farnost-spalov.cz\/index.php?rest_route=\/wp\/v2\/pages\/154\/revisions\/365"}],"wp:attachment":[{"href":"https:\/\/www.farnost-spalov.cz\/index.php?rest_route=%2Fwp%2Fv2%2Fmedia&parent=154"}],"curies":[{"name":"wp","href":"https:\/\/api.w.org\/{rel}","templated":true}]}}

poutní místo Panny Marie ve Skále

<p>O původu poutního místa se vypravuje zbožná pověst. V době 30. leté války zde bojovala švédská a císařská vojska. Po jedné šarvátce uprchli ranění  vojáci do rokle, kde se ukrývali. Všichni ranění vojáci zemřeli až na jednoho, který se začal modlit k Panně Marii a prosit o uzdravení, aby se mohl vrátit domů ke své ženě a dětem. Najednou se mu zjevila Panna Maria a ze suché skály vytryskl pramen vody. Umírající voják byl zachráněn. Po této události prý pořídil mlynář z blízkého spálovského mlýna do jeskyně obraz Panny Marie. Chromý mlynařík se chodil k tomuto obrazu modlit a pečovat o toto místo, protože do spálovského kostela to pro něho velmi obtížné docházet. Postupem času se k milostnému obrazu Panny Marie přicházelo modlit stále více poutníků prosících o pomoc, uzdravení v nemoci i starostech. Obraz byl uctíván jako zázračný a byl později přenesen do farního kostela sv. Jakuba ve Spálově. A jak uvádí pověst, v noci však zmizel a ráno jej našli na starém místě ve skále. To se opakovalo 3x, a tak se to považovalo za znamení k jeho uctívání ve Skále. Spálovští se zavázali, že budou každý rok konat pouť ke Skále o svátku Narození Panny Marie, to je 8. září. Věrni slibu našich zbožných předků se koná procesí od kostela sv. Jakuba ve Spálově vždy v neděli okolo 8. září a je zde sloužena mše sv. Zmínka o této pouti je z roku 1851 v oltářní farní knize. Toto poutní místo je starší než Lurdy ve Francii. Původní obraz Panny Marie byl koncem 80 let předminulého století nahrazen sochou kamennou, zhotovenou v Haliči. Kamenná nádržka u pramene vody je podle pamětníků původní křtitelnice ze spálovského kostela.       </p>



<p>V roce 1988 se spálovští farníci s místním správcem farnosti otcem Bernardem rozhodli k nové úpravě prostranství poutního místa u Panny Marie. V roce 1992 byly dokončeny úpravy a místo bylo znovu vysvěceno.  Od té doby se zde konají bohoslužby na svátek Narození Panny Marie, mariánské soboty, májové pobožnosti nebo pouť o svátku Nanebevzetí Panny Marie. Toto místo je pravidelnou zastávkou turistů pěších i na kolech, rodáků z okolí, ale i z celé naší vlasti a také ze zahraničí.<br></p>



<figure class="wp-block-image size-full"><img loading="lazy" decoding="async" width="1000" height="750" src="https://www.farnost-spalov.cz/wp-content/uploads/2022/04/pm_1.jpg" alt="" class="wp-image-363" srcset="https://www.farnost-spalov.cz/wp-content/uploads/2022/04/pm_1.jpg 1000w, https://www.farnost-spalov.cz/wp-content/uploads/2022/04/pm_1-300x225.jpg 300w, https://www.farnost-spalov.cz/wp-content/uploads/2022/04/pm_1-768x576.jpg 768w, https://www.farnost-spalov.cz/wp-content/uploads/2022/04/pm_1-624x468.jpg 624w" sizes="auto, (max-width: 1000px) 100vw, 1000px" /></figure>



<p><br><strong>svědectví farnice za Spálova:</strong> <br>&#8222;Tak věřte a nebojte se&#8220; Bylo to v roce 1989, čekala jsem třetí dítě a lékaři zjistili, po vyšetření, že dítě bude nemocné – postižené. Proto jejich slova byla – dejte to pryč, máte dvě zdravé děti. Nesouhlasila jsem. Třikrát jsem musela do nemocnice v Novém Jičíně, kde jsem bránila své dítě. Nakonec mě poslali na genetiku do Ostravy. Samozřejmě i já měla velký strach, prosila jsem. A odevzdávala to tomu, kdo je Pánem života i smrti a na poutním místě prosila naší nebeskou Maminku, ať mi dá sílu, protože Ona sama také nejlépe ví, co matka prožívá, když její dítě má zemřít. Na genetice v Ostravě byla věřící paní doktorka – to byl dar &#8211; měla pochopení pro maminku, pokud se rozhodla dítě si nechat. Nebránila. Jen žádala, že až se dítě narodí, budeme jeden rok vypisovat dotazníky. Bylo totiž zařazeno do systému. Přišla hodina narození, ještě v bolestech jsme šli na toto poutní místo a pak jeli do vítkovské nemocnice. Narodilo se nám úplně zdravé dítě. Rok jsme si psali s paní doktorkou z genetiky. Teď už je to vystudovaný dospělý člověk. Za zmínku také stojí, že se zasnoubil u Panny Marie ve Skále a má už svou rodinu. Každé dítě je Boží zázrak a dar. Když se Bohu odevzdáme, dáme to nejcennější, co od něj máme, tak nám to stokrát vrátí. Co bychom byli my děti, bez naší Maminky – mocné přímluvkyně. </p>

<p>O původu poutního místa se vypravuje zbožná pověst. V době 30. leté války zde bojovala švédská a císařská vojska. Po jedné šarvátce uprchli ranění vojáci do rokle, kde se ukrývali. Všichni ranění vojáci zemřeli až na jednoho, který se začal modlit k Panně Marii a prosit o uzdravení, aby se mohl vrátit domů ke své [&hellip;]</p>
