{"id":192,"date":"2022-03-23T12:53:12","date_gmt":"2022-03-23T12:53:12","guid":{"rendered":"https:\/\/www.farnost-spalov.cz\/?page_id=192"},"modified":"2022-03-25T10:00:20","modified_gmt":"2022-03-25T10:00:20","slug":"chci-dat-umysl-na-msi-svatou","status":"publish","type":"page","link":"https:\/\/www.farnost-spalov.cz\/?page_id=192","title":{"rendered":"chci d\u00e1t \u00famysl na m\u0161i svatou"},"content":{"rendered":"\n<div class=\"wp-block-image\"><figure class=\"alignright size-full is-resized\"><img loading=\"lazy\" decoding=\"async\" src=\"https:\/\/www.farnost-spalov.cz\/wp-content\/uploads\/2022\/03\/KNA07172_dz.jpg\" alt=\"\" class=\"wp-image-193\" width=\"125\" height=\"172\" srcset=\"https:\/\/www.farnost-spalov.cz\/wp-content\/uploads\/2022\/03\/KNA07172_dz.jpg 617w, https:\/\/www.farnost-spalov.cz\/wp-content\/uploads\/2022\/03\/KNA07172_dz-218x300.jpg 218w\" sizes=\"auto, (max-width: 125px) 100vw, 125px\" \/><\/figure><\/div>\n\n\n\n<p>M\u0161i svatou, kter\u00e1 je zp\u0159\u00edtomn\u011bn\u00edm Kalv\u00e1rsk\u00e9 ob\u011bti Je\u017e\u00ed\u0161e Krista na k\u0159\u00ed\u017ei, je mo\u017en\u00e9 zvl\u00e1\u0161\u0165 zam\u011b\u0159it k n\u011bjak\u00e9mu dobr\u00e9mu \u00famyslu (nap\u0159\u00edklad prosba o po\u017eehn\u00e1n\u00ed v n\u011bjak\u00e9 v\u00fdznamn\u00e9 \u017eivotn\u00ed situaci nebo p\u0159i \u017eivotn\u00edm jubileu, na pod\u011bkov\u00e1n\u00ed, prosba o pomoc v obt\u00ed\u017e\u00edch, za zem\u0159el\u00e9 &#8211; za du\u0161e v o\u010distci apod.). Pro domluvu na konkr\u00e9tn\u00ed term\u00edn a \u00famysl se obracejte na m\u00edstn\u00edho kn\u011bze.<\/p>\n","protected":false},"excerpt":{"rendered":"<p>M\u0161i svatou, kter\u00e1 je zp\u0159\u00edtomn\u011bn\u00edm Kalv\u00e1rsk\u00e9 ob\u011bti Je\u017e\u00ed\u0161e Krista na k\u0159\u00ed\u017ei, je mo\u017en\u00e9 zvl\u00e1\u0161\u0165 zam\u011b\u0159it k n\u011bjak\u00e9mu dobr\u00e9mu \u00famyslu (nap\u0159\u00edklad prosba o po\u017eehn\u00e1n\u00ed v n\u011bjak\u00e9 v\u00fdznamn\u00e9 \u017eivotn\u00ed situaci nebo p\u0159i \u017eivotn\u00edm jubileu, na pod\u011bkov\u00e1n\u00ed, prosba o pomoc v obt\u00ed\u017e\u00edch, za zem\u0159el\u00e9 &#8211; za du\u0161e v o\u010distci apod.). Pro domluvu na konkr\u00e9tn\u00ed term\u00edn a \u00famysl se [&hellip;]<\/p>\n","protected":false},"author":1,"featured_media":0,"parent":39,"menu_order":0,"comment_status":"closed","ping_status":"closed","template":"","meta":{"footnotes":""},"class_list":["post-192","page","type-page","status-publish","hentry"],"_links":{"self":[{"href":"https:\/\/www.farnost-spalov.cz\/index.php?rest_route=\/wp\/v2\/pages\/192","targetHints":{"allow":["GET"]}}],"collection":[{"href":"https:\/\/www.farnost-spalov.cz\/index.php?rest_route=\/wp\/v2\/pages"}],"about":[{"href":"https:\/\/www.farnost-spalov.cz\/index.php?rest_route=\/wp\/v2\/types\/page"}],"author":[{"embeddable":true,"href":"https:\/\/www.farnost-spalov.cz\/index.php?rest_route=\/wp\/v2\/users\/1"}],"replies":[{"embeddable":true,"href":"https:\/\/www.farnost-spalov.cz\/index.php?rest_route=%2Fwp%2Fv2%2Fcomments&post=192"}],"version-history":[{"count":2,"href":"https:\/\/www.farnost-spalov.cz\/index.php?rest_route=\/wp\/v2\/pages\/192\/revisions"}],"predecessor-version":[{"id":211,"href":"https:\/\/www.farnost-spalov.cz\/index.php?rest_route=\/wp\/v2\/pages\/192\/revisions\/211"}],"up":[{"embeddable":true,"href":"https:\/\/www.farnost-spalov.cz\/index.php?rest_route=\/wp\/v2\/pages\/39"}],"wp:attachment":[{"href":"https:\/\/www.farnost-spalov.cz\/index.php?rest_route=%2Fwp%2Fv2%2Fmedia&parent=192"}],"curies":[{"name":"wp","href":"https:\/\/api.w.org\/{rel}","templated":true}]}}

chci dát úmysl na mši svatou

<div class="wp-block-image"><figure class="alignright size-full is-resized"><img loading="lazy" decoding="async" src="https://www.farnost-spalov.cz/wp-content/uploads/2022/03/KNA07172_dz.jpg" alt="" class="wp-image-193" width="125" height="172" srcset="https://www.farnost-spalov.cz/wp-content/uploads/2022/03/KNA07172_dz.jpg 617w, https://www.farnost-spalov.cz/wp-content/uploads/2022/03/KNA07172_dz-218x300.jpg 218w" sizes="auto, (max-width: 125px) 100vw, 125px" /></figure></div>



<p>Mši svatou, která je zpřítomněním Kalvárské oběti Ježíše Krista na kříži, je možné zvlášť zaměřit k nějakému dobrému úmyslu (například prosba o požehnání v nějaké významné životní situaci nebo při životním jubileu, na poděkování, prosba o pomoc v obtížích, za zemřelé &#8211; za duše v očistci apod.). Pro domluvu na konkrétní termín a úmysl se obracejte na místního kněze.</p>

<p>Mši svatou, která je zpřítomněním Kalvárské oběti Ježíše Krista na kříži, je možné zvlášť zaměřit k nějakému dobrému úmyslu (například prosba o požehnání v nějaké významné životní situaci nebo při životním jubileu, na poděkování, prosba o pomoc v obtížích, za zemřelé &#8211; za duše v očistci apod.). Pro domluvu na konkrétní termín a úmysl se [&hellip;]</p>
