{"id":294,"date":"2022-03-29T13:39:12","date_gmt":"2022-03-29T13:39:12","guid":{"rendered":"https:\/\/www.farnost-spalov.cz\/?page_id=294"},"modified":"2022-04-06T11:34:57","modified_gmt":"2022-04-06T11:34:57","slug":"je-dobre-znat","status":"publish","type":"page","link":"https:\/\/www.farnost-spalov.cz\/?page_id=294","title":{"rendered":"je dobr\u00e9 um\u011bt&#8230;"},"content":{"rendered":"\n<hr class=\"wp-block-separator is-style-wide\"\/>\n\n\n\n<div class=\"wp-block-image\"><figure class=\"aligncenter size-full\"><img loading=\"lazy\" decoding=\"async\" width=\"648\" height=\"763\" src=\"https:\/\/www.farnost-spalov.cz\/wp-content\/uploads\/2022\/04\/ruzenec-3.jpg\" alt=\"\" class=\"wp-image-345\" srcset=\"https:\/\/www.farnost-spalov.cz\/wp-content\/uploads\/2022\/04\/ruzenec-3.jpg 648w, https:\/\/www.farnost-spalov.cz\/wp-content\/uploads\/2022\/04\/ruzenec-3-255x300.jpg 255w, https:\/\/www.farnost-spalov.cz\/wp-content\/uploads\/2022\/04\/ruzenec-3-624x735.jpg 624w\" sizes=\"auto, (max-width: 648px) 100vw, 648px\" \/><\/figure><\/div>\n\n\n\n<hr class=\"wp-block-separator is-style-wide\"\/>\n\n\n\n<div class=\"wp-block-image\"><figure class=\"aligncenter size-full\"><img loading=\"lazy\" decoding=\"async\" width=\"545\" height=\"711\" src=\"https:\/\/www.farnost-spalov.cz\/wp-content\/uploads\/2022\/04\/korunka-3.jpg\" alt=\"\" class=\"wp-image-391\" srcset=\"https:\/\/www.farnost-spalov.cz\/wp-content\/uploads\/2022\/04\/korunka-3.jpg 545w, https:\/\/www.farnost-spalov.cz\/wp-content\/uploads\/2022\/04\/korunka-3-230x300.jpg 230w\" sizes=\"auto, (max-width: 545px) 100vw, 545px\" \/><\/figure><\/div>\n\n\n\n<hr class=\"wp-block-separator is-style-wide\"\/>\n\n\n\n<h1 class=\"has-text-align-right wp-block-heading\">&#8230; rozhodnout se a v\u011bd\u011bt kam \u0161\u00e1hnout a ke komu se ut\u00edkat ku pomoci, p\u0159\u00edmluv\u011b a po\u017eehn\u00e1n\u00ed<\/h1>\n\n\n\n<div class=\"wp-block-image\"><figure class=\"aligncenter size-full is-resized\"><img loading=\"lazy\" decoding=\"async\" src=\"https:\/\/www.farnost-spalov.cz\/wp-content\/uploads\/2022\/04\/litanie-3.jpg\" alt=\"\" class=\"wp-image-367\" width=\"574\" height=\"128\" srcset=\"https:\/\/www.farnost-spalov.cz\/wp-content\/uploads\/2022\/04\/litanie-3.jpg 829w, https:\/\/www.farnost-spalov.cz\/wp-content\/uploads\/2022\/04\/litanie-3-300x67.jpg 300w, https:\/\/www.farnost-spalov.cz\/wp-content\/uploads\/2022\/04\/litanie-3-768x171.jpg 768w, https:\/\/www.farnost-spalov.cz\/wp-content\/uploads\/2022\/04\/litanie-3-624x139.jpg 624w\" sizes=\"auto, (max-width: 574px) 100vw, 574px\" \/><\/figure><\/div>\n\n\n\n<p class=\"has-medium-font-size\"><a href=\"https:\/\/www.modlitba.cz\/modlitba-v-zivote\/seznam-modliteb\/modlitby-rozdelene-podle-formy-zpusobu\/litanie\">&#8230;tak t\u0159eba sem<\/a> \ud83d\ude09<\/p>\n\n\n\n<hr class=\"wp-block-separator is-style-wide\"\/>\n","protected":false},"excerpt":{"rendered":"<p>&#8230; rozhodnout se a v\u011bd\u011bt kam \u0161\u00e1hnout a ke komu se ut\u00edkat ku pomoci, p\u0159\u00edmluv\u011b a po\u017eehn\u00e1n\u00ed &#8230;tak t\u0159eba sem \ud83d\ude09<\/p>\n","protected":false},"author":1,"featured_media":0,"parent":0,"menu_order":0,"comment_status":"closed","ping_status":"closed","template":"","meta":{"footnotes":""},"class_list":["post-294","page","type-page","status-publish","hentry"],"_links":{"self":[{"href":"https:\/\/www.farnost-spalov.cz\/index.php?rest_route=\/wp\/v2\/pages\/294","targetHints":{"allow":["GET"]}}],"collection":[{"href":"https:\/\/www.farnost-spalov.cz\/index.php?rest_route=\/wp\/v2\/pages"}],"about":[{"href":"https:\/\/www.farnost-spalov.cz\/index.php?rest_route=\/wp\/v2\/types\/page"}],"author":[{"embeddable":true,"href":"https:\/\/www.farnost-spalov.cz\/index.php?rest_route=\/wp\/v2\/users\/1"}],"replies":[{"embeddable":true,"href":"https:\/\/www.farnost-spalov.cz\/index.php?rest_route=%2Fwp%2Fv2%2Fcomments&post=294"}],"version-history":[{"count":33,"href":"https:\/\/www.farnost-spalov.cz\/index.php?rest_route=\/wp\/v2\/pages\/294\/revisions"}],"predecessor-version":[{"id":394,"href":"https:\/\/www.farnost-spalov.cz\/index.php?rest_route=\/wp\/v2\/pages\/294\/revisions\/394"}],"wp:attachment":[{"href":"https:\/\/www.farnost-spalov.cz\/index.php?rest_route=%2Fwp%2Fv2%2Fmedia&parent=294"}],"curies":[{"name":"wp","href":"https:\/\/api.w.org\/{rel}","templated":true}]}}