{"id":7,"date":"2022-03-22T20:09:45","date_gmt":"2022-03-22T20:09:45","guid":{"rendered":"https:\/\/www.farnost-spalov.cz\/?page_id=7"},"modified":"2025-10-08T06:22:59","modified_gmt":"2025-10-08T06:22:59","slug":"uvod","status":"publish","type":"page","link":"https:\/\/www.farnost-spalov.cz\/","title":{"rendered":"\u00daVOD"},"content":{"rendered":"<div class=\"wp-block-image\">\n<figure class=\"aligncenter size-full is-resized\"><img loading=\"lazy\" decoding=\"async\" width=\"934\" height=\"623\" src=\"https:\/\/www.farnost-spalov.cz\/wp-content\/uploads\/2022\/03\/2473_kostel-spalov.jpg\" alt=\"\" class=\"wp-image-9\" style=\"width:551px;height:367px\" srcset=\"https:\/\/www.farnost-spalov.cz\/wp-content\/uploads\/2022\/03\/2473_kostel-spalov.jpg 934w, https:\/\/www.farnost-spalov.cz\/wp-content\/uploads\/2022\/03\/2473_kostel-spalov-300x200.jpg 300w, https:\/\/www.farnost-spalov.cz\/wp-content\/uploads\/2022\/03\/2473_kostel-spalov-768x512.jpg 768w, https:\/\/www.farnost-spalov.cz\/wp-content\/uploads\/2022\/03\/2473_kostel-spalov-624x416.jpg 624w\" sizes=\"auto, (max-width: 934px) 100vw, 934px\" \/><\/figure>\n<\/div>\n\n\n<p class=\"has-text-align-center has-medium-font-size\">na\u0161e farnost je sou\u010d\u00e1st\u00ed \u0159\u00edmskokatolick\u00e9 c\u00edrkve <br>na \u00fazem\u00ed&nbsp;Moravsk\u00e9 provincie v ostravsko-opavsk\u00e9 diec\u00e9zi <br>a to v d\u011bkan\u00e1tu B\u00edlovec<\/p>\n\n\n\n<hr class=\"wp-block-separator has-text-color has-medium-gray-color has-css-opacity has-medium-gray-background-color has-background is-style-wide\"\/>\n\n\n\n<div class=\"wp-block-media-text alignwide is-stacked-on-mobile\" style=\"grid-template-columns:40% auto\"><figure class=\"wp-block-media-text__media\"><img loading=\"lazy\" decoding=\"async\" width=\"620\" height=\"413\" src=\"https:\/\/www.farnost-spalov.cz\/wp-content\/uploads\/2022\/03\/istock-504739809.jpg\" alt=\"\" class=\"wp-image-11 size-full\" srcset=\"https:\/\/www.farnost-spalov.cz\/wp-content\/uploads\/2022\/03\/istock-504739809.jpg 620w, https:\/\/www.farnost-spalov.cz\/wp-content\/uploads\/2022\/03\/istock-504739809-300x200.jpg 300w\" sizes=\"auto, (max-width: 620px) 100vw, 620px\" \/><\/figure><div class=\"wp-block-media-text__content\">\n<p><\/p>\n\n\n\n<p class=\"has-text-align-right has-medium-font-size\" id=\"wnd_TextBlock_86589_inner_2\"><strong>FARA JE OTEV\u0158EN\u00c1 A K DISPOZICI V\u00c1M V\u0160EM, kte\u0159\u00ed s dobr\u00fdm \u00famyslem p\u0159ich\u00e1z\u00edte<\/strong><\/p>\n\n\n\n<h3 class=\"wp-block-heading\" id=\"wnd_TextBlock_86589_inner_1\">&nbsp;<\/h3>\n<\/div><\/div>\n\n\n\n<hr class=\"wp-block-separator has-text-color has-medium-gray-color has-css-opacity has-medium-gray-background-color has-background is-style-wide\"\/>\n\n\n\n<p><\/p>\n\n\n<a href=\"https:\/\/www.farnost-spalov.cz\/wp-content\/uploads\/2025\/10\/plakat-A3-Lubomer.pdf\" class=\"pdfemb-viewer\" style=\"\" data-width=\"max\" data-height=\"max\" data-toolbar=\"bottom\" data-toolbar-fixed=\"off\">plakat-A3-Lubomer<\/a>","protected":false},"excerpt":{"rendered":"<p>na\u0161e farnost je sou\u010d\u00e1st\u00ed \u0159\u00edmskokatolick\u00e9 c\u00edrkve na \u00fazem\u00ed&nbsp;Moravsk\u00e9 provincie v ostravsko-opavsk\u00e9 diec\u00e9zi a to v d\u011bkan\u00e1tu B\u00edlovec FARA JE OTEV\u0158EN\u00c1 A K DISPOZICI V\u00c1M V\u0160EM, kte\u0159\u00ed s dobr\u00fdm \u00famyslem p\u0159ich\u00e1z\u00edte &nbsp;<\/p>\n","protected":false},"author":1,"featured_media":0,"parent":0,"menu_order":0,"comment_status":"closed","ping_status":"closed","template":"","meta":{"footnotes":""},"class_list":["post-7","page","type-page","status-publish","hentry"],"_links":{"self":[{"href":"https:\/\/www.farnost-spalov.cz\/index.php?rest_route=\/wp\/v2\/pages\/7","targetHints":{"allow":["GET"]}}],"collection":[{"href":"https:\/\/www.farnost-spalov.cz\/index.php?rest_route=\/wp\/v2\/pages"}],"about":[{"href":"https:\/\/www.farnost-spalov.cz\/index.php?rest_route=\/wp\/v2\/types\/page"}],"author":[{"embeddable":true,"href":"https:\/\/www.farnost-spalov.cz\/index.php?rest_route=\/wp\/v2\/users\/1"}],"replies":[{"embeddable":true,"href":"https:\/\/www.farnost-spalov.cz\/index.php?rest_route=%2Fwp%2Fv2%2Fcomments&post=7"}],"version-history":[{"count":11,"href":"https:\/\/www.farnost-spalov.cz\/index.php?rest_route=\/wp\/v2\/pages\/7\/revisions"}],"predecessor-version":[{"id":1297,"href":"https:\/\/www.farnost-spalov.cz\/index.php?rest_route=\/wp\/v2\/pages\/7\/revisions\/1297"}],"wp:attachment":[{"href":"https:\/\/www.farnost-spalov.cz\/index.php?rest_route=%2Fwp%2Fv2%2Fmedia&parent=7"}],"curies":[{"name":"wp","href":"https:\/\/api.w.org\/{rel}","templated":true}]}}